nder when 1182 is divided by 73?
14
What is the remainder when 146 is divided by 11?
3
Calculate the remainder when 1160 is divided by 390.
380
Calculate the remainder when 10287 is divided by 105.
102
Calculate the remainder when 601 is divided by 168.
97
Calculate the remainder when 201 is divided by 46.
17
What is the remainder when 76 is divided by 42?
34
What is the remainder when 240 is divided by 34?
2
Calculate the remainder when 1163 is divided by 132.
107
What is the remainder when 311 is divided by 26?
25
Calculate the remainder when 148 is divided by 30.
28
What is the remainder when 239 is divided by 35?
29
Calculate the remainder when 1168 is divided by 98.
90
Calculate the remainder when 260 is divided by 27.
17
Calculate the remainder when 282 is divided by 148.
134
Calculate the remainder when 489 is divided by 124.
117
Calculate the remainder when 110 is divided by 40.
30
Calculate the remainder when 6571 is divided by 124.
123
What is the remainder when 180 is divided by 37?
32
What is the remainder when 378 is divided by 55?
48
Calculate the remainder when 283 is divided by 71.
70
Calculate the remainder when 10938 is divided by 20.
18
Calculate the remainder when 108 is divided by 3.
0
What is the remainder when 19 is divided by 15?
4
What is the remainder when 133 is divided by 20?
13
What is the remainder when 175 is divided by 89?
86
What is the remainder when 2049 is divided by 171?
168
What is the remainder when 2502 is divided by 156?
6
Calculate the remainder when 26984 is divided by 105.
104
What is the remainder when 180 is divided by 17?
10
Calculate the remainder when 142 is divided by 29.
26
What is the remainder when 1245 is divided by 405?
30
What is the remainder when 283 is divided by 13?
10
Calculate the remainder when 10484 is divided by 14.
12
Calculate the remainder when 48 is divided by 15.
3
What is the remainder when 221 is divided by 28?
25
What is the remainder when 2203 is divided by 16?
11
Calculate the remainder when 222 is divided by 12.
6
Calculate the remainder when 333 is divided by 12.
9
What is the remainder when 727 is divided by 9?
7
Calculate the remainder when 9212 is divided by 95.
92
Calculate the remainder when 507 is divided by 3.
0
What is the remainder when 4398 is divided by 258?
12
Calculate the remainder when 1301 is divided by 14.
13
What is the remainder when 597 is divided by 48?
21
Calculate the remainder when 18 is divided by 4.
2
What is the remainder when 335 is divided by 24?
23
Calculate the remainder when 142 is divided by 24.
22
What is the remainder when 8846 is divided by 56?
54
Calculate the remainder when 126 is divided by 39.
9
What is the remainder when 5037 is divided by 70?
67
Calculate the remainder when 494 is divided by 158.
20
Calculate the remainder when 992 is divided by 100.
92
What is the remainder when 2754 is divided by 16?
2
What is the remainder when 218 is divided by 22?
20
Calculate the remainder when 167 is divided by 29.
22
What is the remainder when 231 is divided by 9?
6
What is the remainder when 8282 is divided by 148?
142
Calculate the remainder when 234 is divided by 34.
30
What is the remainder when 346 is divided by 12?
10
What is the remainder when 717 is divided by 30?
27
Calculate the remainder when 420 is divided by 47.
44
What is the remainder when 487 is divided by 129?
100
Calculate the remainder when 932 is divided by 72.
68
What is the remainder when 1193 is divided by 242?
225
What is the remainder when 196 is divided by 11?
9
Calculate the remainder when 524 is divided by 100.
24
Calculate the remainder when 968 is divided by 162.
158
Calculate the remainder when 241 is divided by 64.
49
What is the remainder when 38523 is divided by 25?
23
Calculate the remainder when 542 is divided by 28.
10
What is the remainder when 220 is divided by 142?
78
What is the remainder when 3450 is divided by 1145?
15
Calculate the remainder when 155 is divided by 26.
25
What is the remainder when 210 is divided by 43?
38
Calculate the remainder when 4480 is divided by 83.
81
Calculate the remainder when 533 is divided by 136.
125
What is the remainder when 94 is divided by 24?
22
What is the remainder when 90 is divided by 23?
21
Calculate the remainder when 281 is divided by 41.
35
Calculate the remainder when 323 is divided by 82.
77
What is the remainder when 246 is divided by 62?
60
What is the remainder when 3350 is divided by 478?
4
What is the remainder when 3987 is divided by 19?
16
Calculate the remainder when 502 is divided by 134.
100
What is the remainder when 17586 is divided by 409?
408
Calculate the remainder when 473 is divided by 19.
17
Calculate the remainder when 699 is divided by 37.
33
Calculate the remainder when 31 is divided by 18.
13
Calculate the remainder when 68 is divided by 36.
32
Calculate the remainder when 3453 is divided by 128.
125
What is the remainder when 88 is divided by 13?
10
What is the remainder when 2267 is divided by 45?
17
Calculate the remainder when 3887 is divided by 72.
71
Calculate the remainder when 13533 is divided by 24.
21
What is the remainder when 632 is divided by 16?
8
What is the remainder when 2997 is divided by 79?
74
Calculate the remainder when 3633 is divided by 12.
9
Calculate the remainder when 4149 is divided by 62.
57
What is the remainder when 104 is divided by 3?
2
Calculate the remainder when 245 is divided by 18.
11
Calculate the remainder when 470 is divided by 158.
154
Calculate the remainder when 424 is divided by 18.
10
Calculate the remainder when 1542 is divided by 14.
2
Calculate the remainder when 632 is divided by 6.
2
Calculate the remainder when 1929 is divided by 32.
9
What is the remainder when 334 is divided by 67?
66
What is the remainder when 364 is divided by 73?
72
Calculate the remainder when 88 is divided by 47.
41
What is the remainder when 617 is divided by 219?
179
What is the remainder when 230 is divided by 48?
38
What is the remainder when 181 is divided by 17?
11
What is the remainder when 433 is divided by 29?
27
What is the remainder when 148 is divided by 62?
24
What is the remainder when 9884 is divided by 215?
209
What is the remainder when 646 is divided by 214?
4
What is the remainder when 3826 is divided by 12?
10
Calculate the remainder when 104 is divided by 9.
5
What is the remainder when 394 is divided by 40?
34
Calculate the remainder when 148 is divided by 30.
28
What is the remainder when 343 is divided by 58?
53
Calculate the remainder when 853 is divided by 11.
6
What is the remainder when 3030 is divided by 303?
0
What is the remainder when 628 is divided by 14?
12
Calculate the remainder when 127 is divided by 26.
23
Calculate the remainder when 45 is divided by 7.
3
Calculate the remainder when 3217 is divided by 29.
27
What is the remainder when 10025 is divided by 18?
17
Calculate the remainder when 1517 is divided by 1480.
37
What is the remainder when 117 is divided by 47?
23
What is the remainder when 204 is divided by 11?
6
What is the remainder when 330 is divided by 13?
5
Calculate the remainder when 55 is divided by 52.
3
What is the remainder when 314 is divided by 60?
14
What is the remainder when 12323 is divided by 24?
11
Calculate the remainder when 65 is divided by 36.
29
What is the remainder when 228 is divided by 18?
12
Calculate the remainder when 258 is divided by 126.
6
Calculate the remainder when 35 is divided by 24.
11
Calculate the remainder when 97 is divided by 58.
39
Calculate the remainder when 89 is divided by 82.
7
What is the remainder when 796 is divided by 47?
44
What is the remainder when 1830 is divided by 68?
62
What is the remainder when 3557 is divided by 89?
86
Calculate the remainder when 2195 is divided by 13.
11
Calculate the remainder when 295 is divided by 64.
39
Calculate the remainder when 108 is divided by 29.
21
Calculate the remainder when 181 is divided by 27.
19
What is the remainder when 231 is divided by 117?
114
What is the remainder when 178 is divided by 47?
37
Calculate the remainder when 22 is divided by 7.
1
What is the remainder when 362 is divided by 9?
2
Calculate the remainder when 740 is divided by 64.
36
What is the remainder when 564 is divided by 9?
6
